(-9) - 5/15). Suppose -3456 = -318*i + f*i. List the prime factors of i.
2, 3
Suppose 387053 = 24*y - 680827. List the prime factors of y.
5, 11, 809
Suppose -4*v = -3*h + 14, h + 3*v - 4 = 5. Let f be (3/h)/((-7)/(-42)). Suppose -y = -4*y + 3*n + 234, -y + 82 = f*n. List the prime factors of y.
79
Suppose -2*t + 517 = 5*x, -t + 3*x + 286 = -0*t. Let d = t + -235. List the prime factors of d.
2, 3
Suppose 92*c - 64*c - 39569 - 84051 = 0. What are the prime factors of c?
5, 883
Let q = -197 + 228. Let a = q + 419. List the prime factors of a.
2, 3, 5
Let t = -571 + 578. Let u be 2/3*-1*3. List the prime factors of (483/9 - u)*(t + -4).
167
Let s(b) = 0*b - b + b + b + 18. Let x be s(-14). Suppose 0*u = -x*t + 4*u + 280, 386 = 5*t + 4*u. What are the prime factors of t?
2, 37
Let b be 6 + (4 - (-3 + -5) - 5). Let t(w) = 77*w - 36. List the prime factors of t(b).
5, 193
Suppose -16*r = -14*r - 18. Suppose 6*j - r*j + 5*h + 2640 = 0, 3*j + 2*h - 2619 = 0. List the prime factors of j.
5, 7
Let z(r) = 2*r**3 + 54*r**2 - 5*r + 98. List the prime factors of z(-25).
7, 389
Suppose 3*c + 77112 + 31715 = 4*k, -c = -3*k + 81629. List the prime factors of k.
2, 6803
Let b(j) = 3*j**2 + j. Let s be b(1). Suppose 147 = 39*r - 48. Suppose -2*l - r*i + 42 = 0, s*l - 38 = 3*i + 20. List the prime factors of l.
2
Let f = 27 + -60. Let o be (f/(-22))/((-2)/4). What are the prime factors of 0 + o/(-2)*518/21?
37
Let m = -25 + 39. Let t = m - 49. Let f = t + 54. What are the prime factors of f?
19
Let w(m) = 3984*m - 670. What are the prime factors of w(3)?
2, 5641
Let b(a) = -4*a**3 - 8*a**2 - 4. Let k be b(-4). Let m = 317 - k. List the prime factors of m.
193
Let j = 135184 + -76635. What are the prime factors of j?
58549
Let n(q) = -2*q + 7. Let i be n(3). Let w be 1*133/i + -1. Suppose 0 = -5*j + j + w. What are the prime factors of j?
3, 11
Suppose -4*w + 15 = 3*r, 7*w + 3*r = 4*w + 12. Suppose 0 = -w*c + 35 + 271. Suppose 3*f - 69 = c. List the prime factors of f.
3, 19
Suppose -176*p + 4057974 = -278842. What are the prime factors of p?
41, 601
Let x be 18/6 + 2 + -5. Suppose 5*h + 2*s - 96 - 2769 = 0, 4*s - 20 = x. What are the prime factors of h?
571
Suppose 4*k + 3*q = -0*k + 11, -4*q = -5*k + 6. Let r be 69/k*(12/(-18))/1. Let d = r - -130. List the prime factors of d.
107
What are the prime factors of ((-1)/4)/(-11*14/4759216)?
2, 3863
Suppose 0 = -11*h + 83 + 60. Suppose 9*p - h*p = -2600. What are the prime factors of p?
2, 5, 13
Let f = -3391 - -3795. What are the prime factors of f?
2, 101
Let i = 24818 - -19479. What are the prime factors of i?
11, 4027
Suppose -19*a = 7450 - 1408. Let r = -26 - a. What are the prime factors of r?
2, 73
Suppose -2*d + 9 + 25 = 0. Suppose 0 = 2*i + d*i - 2660. List the prime factors of i.
2, 5, 7
Suppose -16*c - 2538 = 11*c. Suppose -4*b + 35 = 2*n - 3*b, 3*n = -3*b + 57. Let i = n - c. What are the prime factors of i?
2, 5, 11
Let r = -1021 - -1247. Let y = 2 - 0. Suppose -3*m + t = -r, t + 128 = y*m + 6*t. What are the prime factors of m?
2, 37
Let f be (2*(-134)/(-4))/1. Let s = -1201 - -1204. List the prime factors of f - 16/(-12)*s.
71
Let z(t) = t + 4. Let n be z(3). Suppose 4 + 10 = n*a. Suppose -6*b = -4*h - 3*b + 122, a*b = 4. List the prime factors of h.
2
List the prime factors of (7 - 7 - 3) + 8369 + -3.
8363
Let q(n) = 24*n**2 + 12*n - 829. What are the prime factors of q(22)?
43, 257
Suppose -f = -6*a + 3*a - 117, 2*f + 6 = 0. List the prime factors of a/(1 - (0 + 52/48)).
2, 3, 5
Suppose 8850 = 22*i - 16*i. Suppose -21*x = -20*x - i. List the prime factors of x.
5, 59
Suppose 5*b - 1 = 4*k, -3*b + 8*b = 2*k - 7. Let c(v) = -93*v - 34. What are the prime factors of c(k)?
2, 13
Let q(r) = -r**3 + 14*r**2 + 33*r - 14. Let y be q(16). Let m be ((-2)/(-4))/(y*1/156). Let x = m - -104. What are the prime factors of x?
11, 13
Let n = -10207 + 13492. What are the prime factors of n?
3, 5, 73
Let a(n) be the third derivative of -n**7/840 - n**6/60 - n**5/15 + 7*n**2. Let j(l) be the third derivative of a(l). List the prime factors of j(-16).
2, 3, 7
Let n be 2/(-6) + (-60)/9 + 4. Let l(q) = q. Let z(a) = 2*a**2 + 9*a - 20. Let m(r) = n*l(r) + z(r). What are the prime factors of m(6)?
2, 11
Suppose 3*j + 14*j = -28*j + 538605. List the prime factors of j.
11969
Suppose 2*q = 8*q - 2736. Suppose s = b - q, 2*b - 906 = -2*s - 10. List the prime factors of b.
2, 113
Suppose 5*a + 0*s = s - 11, -3*s + 9 = -3*a. Let w be 4/8 + 3 + (-1)/a. Suppose -6*q - 148 = -2*o - q, w*q = -3*o + 222. What are the prime factors of o?
2, 37
Let b = 2531 + 2288. What are the prime factors of b?
61, 79
Let s(z) = 7*z**2 + 82*z + 79. Let w(b) = -6*b**2 - 81*b - 80. Let y(d) = 5*s(d) + 6*w(d). What are the prime factors of y(-40)?
5, 271
Let z(l) = -5 + 4*l + 5 + 3 + 7. Let i be z(-4). What are the prime factors of (-4)/i + (-2414)/(-51)?
2, 3
Let v be -16*23 - (-7 - -5). Let b be 1958/(-10) + (-17)/85. Let k = b - v. List the prime factors of k.
2, 5, 17
Let f = -182 - -182. Suppose s - j - 68 = f, 2*s + 6*j - j = 164. What are the prime factors of s?
2, 3
Let p(j) = -j**2 - 12*j - 23. Let m be p(-6). Suppose 0 = -11*x + m*x - 196. List the prime factors of (x/3)/(8/12).
7
Let p(y) = -12*y - 54. Let g(r) = 4*r + 18. Let n(v) = 8*g(v) + 3*p(v). Suppose -35*u + 38*u + 3*m + 12 = 0, 0 = u + 3*m - 4. List the prime factors of n(u).
2, 7
Let u = -36159 - -51075. List the prime factors of u.
2, 3, 11, 113
Let p(t) be the first derivative of -205*t**2/2 - 81*t + 100. List the prime factors of p(-5).
2, 59
Let k(f) = f**3 + 2*f**2 - 2*f. Let v be k(4). Let y = -84 + v. Suppose 515 = 3*t - q, -y*t + 3*q = -102 - 588. What are the prime factors of t?
3, 19
Let i(r) = -2*r**3 + 8*r**2 + 169*r + 79. List the prime factors of i(-11).
2, 5, 37
Suppose -5*k - 2*u + 27 = 0, 6*k - 3*k - 18 = -3*u. Let r be k - (35/25 - (-4)/(-10)). Suppose -2*s + 92 + r = 0. List the prime factors of s.
2, 3
Suppose 31*h = -78*h + 3319704. List the prime factors of h.
2, 3, 47
Suppose -i - 14 = 15. Let a = -51 - i. Let c = a - -45. List the prime factors of c.
23
Suppose u - u = -2*u. List the prime factors of (-14)/(-2) - (u - 862).
11, 79
Let p = -1377 + 2336. Suppose 2*x + 2877 - p = 2*h, -4*h = 5*x - 3863. List the prime factors of h.
2, 13, 37
Let j = 23628 + -15885. What are the prime factors of j?
3, 29, 89
Suppose 161*v - 484156 + 197163 = 449904. What are the prime factors of v?
23, 199
List the prime factors of (-29 - -32)/((-337330)/337351 - -1).
48193
Let p(b) be the third derivative of -b**7/1260 - b**6/144 + b**5/20 - 20*b**2. Let y(i) be the third derivative of p(i). What are the prime factors of y(-18)?
67
Let d be (42/(-10))/((-4)/(160/12)). What are the prime factors of (d/2 - 1) + -2 + 753?
757
Let f be (((-1776)/(-60))/2)/(4/10). Let i be ((-2)/3)/(1/3). List the prime factors of -1*f/(-1) + (1 - i).
2, 5
Let n = -33767 - -69701. What are the prime factors of n?
2, 3, 53, 113
Let a = -109 + 111. Suppose -2*y = -a*i - 470, -5*y - 2*i + 883 = -306. List the prime factors of y.
3, 79
Let f(v) = 24*v**2 - 20*v - 16. List the prime factors of f(17).
2, 5, 7, 47
Let k = -50 + 133. Let h = -401 + 577. Let p = h - k. What are the prime factors of p?
3, 31
Let s be (3 - (-1)/1) + 273. Suppose h = -5*h + 756. Let i = s - h. List the prime factors of i.
151
Let t = -195 - -197. Suppose 2*q - 5*o = 3*q - 55, 0 = 4*q + t*o - 274. What are the prime factors of q?
2, 5, 7
Let s be (-4)/6*(-3 + -1 + -5). Suppose -s*z + 959 + 121 = 0. List the prime factors of z.
2, 3, 5
Suppose 0*i - o + 5 = i, 4*o - 14 = 2*i. Let g be 7/((-28)/(-16))*384/i. Suppose 5*x + 3*x = g. What are the prime factors of x?
2, 3
Let u(s) = 10*s + 2. Let z be u(6). Let q = 63 - z. List the prime factors of 10/(-5)*q + 65.
3, 7
Let x be 8/(-18)*285/(-76)*9. Suppose -3*m = 0, -3*g + 20*m = x*m - 1008. What are the prime factors of g?
2, 3, 7
Let c(y) = 120*y**2 - 2*y - 1. Suppose -i = 5*l - 25, 13 = i + 4*i - 3*l. Suppose -2*f - i = -3. What are the prime factors of c(f)?
11
Let m(r) = 7315*r**3 - 3*r**2 + r - 2. List the prime factors of m(1).
3, 2437
Suppose 24 = 3*d + 6. What are the prime factors of d/(-4) + (-1218)/(-4)?
3, 101
Let a be 0 + -2 - (-7 - 0). Suppose -m - a*r = -2*r - 19